 254 = 4*y, -2*h - z*h - 5*y = -287. What is the tens digit of h?
7
Let f(c) = -5234*c + 3102. What is the tens digit of f(-4)?
3
Let n(w) = -32*w**3 + 8*w**2 - 2*w - 136. What is the tens digit of n(-8)?
7
Suppose -342 - 486 = 6*x. Suppose -s - 42 - 19 = 0. Let d = s - x. What is the tens digit of d?
7
Suppose -f = 7*f - 7648. Let t = 1382 - f. What is the tens digit of t?
2
Suppose -6*a - 3*r + 186456 = -87795, -3*r = a - 45721. What is the ten thousands digit of a?
4
Let k(p) = p**2 - 7*p - 15. Let s be k(8). Let a be 288/56 - (-1)/s. Suppose 4*r + 524 = 5*d, 3*d + a*r - 328 = 4*r. What is the units digit of d?
8
Suppose -4*s + 22680 = 4*p, -10*s - 5*p - 5694 = -11*s. What is the tens digit of s?
7
What is the units digit of 16/((-21970)/(-27400) + ((-72)/(-15))/(-6))?
8
Let z(v) = 7*v - 37. Let h be z(6). Suppose -2626 = -5*s - 6*k + 3*k, -s + h*k + 542 = 0. What is the units digit of s?
7
Let z(i) = -25*i**3 + 126*i**2 + 16*i + 7. What is the hundreds digit of z(-11)?
3
Let i(h) = 326*h - 2626. What is the hundreds digit of i(14)?
9
Let d = -735 - -1183. Let t = 652 - d. What is the hundreds digit of t?
2
Suppose -211*u + 30281 = -210*u. What is the hundreds digit of u?
2
Suppose 0 = -3*q - 36 + 30. Let r be q/12*-833 - 3/(-18). Let t = 30 + r. What is the tens digit of t?
6
Suppose -2*q + 4*f = 4, 0 = -f - 0 + 3. Suppose -d + 5*l = -534, 0 = -d - q*l - 0*l + 489. What is the tens digit of d?
0
Suppose -4*g - 33 = t, -1 = -8*t + 9*t. Let u(y) = -2*y + 5*y + 2*y - 16 + 3*y**2. What is the units digit of u(g)?
6
What is the thousands digit of ((-14)/(-16))/(-7) - (1 + (-327339)/24)?
3
Let x(n) = n**2 - 6*n - 58. Let b be x(27). What is the units digit of -2*(-6)/(-12) + 1*b?
8
Let w(f) = -11*f**2 + 1006*f - 205. What is the tens digit of w(73)?
1
Let w = 211 - 216. What is the units digit of -82*w/2*198/30?
3
Let d be ((-36)/(-16))/9*-4. Let l be 24/(d - 0)*-2. Suppose -318 = -5*v - l. What is the units digit of v?
4
Let a be 7/4 - ((-60)/(-16))/5. What is the hundreds digit of a/2 + 4 + (-5020)/(-8)?
6
Suppose 144587 = -3*r + 8*r + 4*i, -5*r - i + 144578 = 0. What is the ten thousands digit of r?
2
Let y(m) = 5*m**2 + 436*m + 358. Let w(j) = -2*j**2 - 145*j - 119. Let b(z) = -17*w(z) - 6*y(z). What is the units digit of b(46)?
3
Suppose -3*n - 5*h - 8 = 0, -3*n = -0*n + 4*h + 4. Suppose -g + 6*w = n*w - 25, 3*w = -4*g + 100. Suppose i - g = 10. What is the units digit of i?
5
Let l(r) = -4*r - 37. Let z be l(-10). Suppose -57 = 4*y - z*p, -2*y - 7 = -4*p + 9. What is the hundreds digit of 3/18 - 4443/y?
2
Let j = 216 - 175. Suppose 33*r = j*r - 8. What is the units digit of r?
1
What is the hundreds digit of (21 + 13112/66)*123?
0
Suppose f = -f + 126. Suppose 0 = 2*r - 3*b - 30, -5*b - 58 = -r - 3*r. Suppose r = -u + f. What is the units digit of u?
1
Let o = 197 - 360. Let g = 300 + o. What is the units digit of g?
7
Let n = 297 - 402. Let i(p) = p**2 + 7*p + 2. Let a be i(-8). What is the units digit of (-245)/(-3) - (-7)/(n/a)?
1
Let c be (6 + (-319)/2)/(3/(-90)). Suppose -35*d - c = -39220. What is the units digit of d?
9
Let s = 17 + -16. Let m be s + (1 + -2)/(4/(-16)). What is the tens digit of 544/m + (-6)/(-30)?
0
Let j(l) = l**3 + 19*l**2 + 29*l + 28. Let b(s) = -7*s + 90. Let m be b(15). What is the tens digit of j(m)?
9
Let l(p) = 5*p + 2. Suppose 0 = 3*v + 5*b - 3, 4*v + 5*b = 3 + 6. Suppose -v*y = -y - 85. What is the tens digit of l(y)?
8
Let p(j) = j + 21. Let m be p(-15). What is the hundreds digit of 190 + m/2 + -1?
1
Let o = 172 - 150. Suppose -o*h + 303 = -19*h. Suppose 4*w + 100 = j, 2*j - 99 = 4*w + h. What is the units digit of j?
0
Suppose 87*i - 251490 = 1606067 - 332795. What is the hundreds digit of i?
5
What is the units digit of 7239/(-12)*(-5)/(50/320)?
4
Let v(i) = -i**3 + 7*i**2 + 7*i - 8. Let z be v(6). Suppose 4*u + 37 = -2*p + 183, z = 2*u - 2*p. Suppose k - u = -11. What is the tens digit of k?
2
Let n(o) = o**3 + 7*o**2 + 21. Let j be n(-7). Suppose -3468 = 17*y - j*y. What is the hundreds digit of y?
8
Let m(h) = -3*h**2 + 2*h + 2310. Let q be m(0). Suppose y = -4*y + q. Suppose 573 = 5*i + 4*s, -4*i - 6*s = -s - y. What is the hundreds digit of i?
1
Let h = 17127 + 1963. What is the thousands digit of h?
9
Suppose 347 = 4*u + 299. Let r(n) = 16*n + 5. What is the tens digit of r(u)?
9
Suppose 4*x = -15*a + 17*a + 12166, x - 2*a = 3037. What is the hundreds digit of x?
0
Suppose -2*d - 6 = 2*u + d, 4*d + 8 = -4*u. Suppose 0*o - 201 = -12*w - 3*o, 4*w - 70 = -2*o. Suppose u = 13*p - w*p + 474. What is the units digit of p?
8
Suppose 2*z = 3*i - 131275, 2*z - 86688 = -2*i + 832. What is the tens digit of i?
5
Let g(y) = 8*y**2 - 7*y - 1. Let w(o) = -8*o**2 + 6*o + 1. Let s(h) = -6*g(h) - 7*w(h). What is the hundreds digit of s(7)?
3
Suppose -398*n = -413*n + 2310. Suppose -4*u + 342 = -n. What is the tens digit of u?
2
Suppose 5*b + 4*g - 40448 = 0, b - 4*g - 2382 = 5674. What is the thousands digit of b?
8
Let g(z) = 9*z**2 + 6*z - 713. What is the units digit of g(-21)?
0
Let y(g) = -g**3 - 17*g**2 + 14*g - 79. What is the units digit of y(-26)?
1
Let r = 6882 + -2537. Suppose -7*m + 8*m = -3*w + 3260, -4*w = m - r. What is the units digit of w?
5
Suppose 55*r + 300531 - 1401026 = 0. What is the thousands digit of r?
0
Suppose -21*d = -34*d + 7657. Let c = 1903 - d. What is the tens digit of c?
1
Let g(q) = 4*q**2 + 116*q - 93. Let i be g(-30). Let v(l) = -l**2 + 39*l + 312. What is the tens digit of v(i)?
3
Suppose 256561 = 18*g + 12247. What is the units digit of g?
3
Let g(p) = p**3 + 79*p**2 - 67*p - 279. What is the units digit of g(-76)?
1
Suppose -5*d + 3113 = k, -k + 1724 + 1401 = -d. What is the units digit of k?
3
Suppose 2700 = -5*p + 3*h, 2*p = -3*p - 2*h - 2725. Let k = p - -1673. What is the units digit of k?
0
Let r(f) = -5653*f + 255. What is the ten thousands digit of r(-4)?
2
Let s = 3902 - 2580. Suppose 5*m - 1314 = -n, -4*m + 3*n + s = 267. What is the tens digit of m?
6
Let w = 111742 + -77788. What is the hundreds digit of w?
9
Suppose 2*l + 60 = 7*l. Let o be 4/(-12) - (-52)/l. Suppose 3*n = -t + 48, -t + o*t - 172 = 5*n. What is the tens digit of t?
5
Let y(g) = -13*g**2 - g + 1. Let c be y(-2). Let m = 7 - c. Suppose -256 = -4*d + m. What is the tens digit of d?
7
Let k = -11302 - -34954. What is the hundreds digit of k?
6
Let o be (-4)/16*10*-2. Suppose -d - 2*q = -3, 3*d + o*q - 9 = 2*d. What is the hundreds digit of d/((-9)/1483) - 2/(-9)?
1
Suppose 2*i - 1971 = -y - 466, -3*y + 3*i = -4569. What is the hundreds digit of y?
5
Suppose 402*t = 396*t + 3168. Suppose 1392 = 4*s - 5*c, 2*s - 186 - t = -2*c. What is the units digit of s?
3
Let s(r) = -r**3 + 18*r**2 + 31*r + 32. Let a be s(20). Let v = 250 + a. What is the tens digit of v?
0
Let p(u) = u**2 - u - 12. Let z(h) = -2*h - 1. Let f(j) = -p(j) - 2*z(j). What is the units digit of f(0)?
4
Let m = 3489 - 2134. What is the thousands digit of m?
1
Let i(s) = 45*s + 106. Let r be i(7). Let a = -198 + r. What is the hundreds digit of a?
2
Let y(f) = 3*f**2 + 28*f - 33. Let r be y(-20). Suppose -r = -6*n + 1907. What is the tens digit of n?
1
Let j = 699 + -30. Suppose 0 = -11*z + 8*z + j. Let s = -98 + z. What is the hundreds digit of s?
1
Let i be 3/1 + 221/13. Suppose -5*v + i = -20. What is the units digit of v/4 + 0 - -34?
6
Suppose v + 32 = 2*f, 4*v + 16 = f + 8*v. Suppose -f*u + 20*u - 1052 = 0. What is the units digit of u?
3
Let b(u) be the second derivative of -1/12*u**4 + 1/20*u**5 - 7/2*u**2 + 19*u + 0 - 4/3*u**3. What is the tens digit of b(5)?
5
Suppose -2*r + 3*r - 31 = 0. Suppose -r*c + 25*c = -1098. What is the tens digit of c?
8
Let b be (24/20)/(4/10). Suppose 3*t = 2*c + 124, -t = 2*c - 15 - 21. Suppose t = b*a + 2*a. What is the units digit of a?
8
Let w(c) = c**3 - c**2 + 3*c - 4. Let h be (1 - (-10)/(-12))/((-24)/(-144)). Let u be ((-8)/(-12))/h + (-7)/(-3). What is the units digit of w(u)?
3
Suppose -4*q = -s - 113966, -3*q + 11*s = 9*s - 85472. What is the thousands digit of q?
8
Suppose 2*z - h + 577 = 6705, -4*z - h = -12256. Suppose 11*t - 6011 = z. What is the hundreds digit of t?
8
Suppose -10*v - 8 = -38. Suppose -6*j + 1008 = 4*i - 2*j, -v*i = 5*j - 756. What is the units digit of i?
2
Let